mon factor of 4248 and 138414.
354
Calculate the greatest common divisor of 82 and 58015.
41
What is the greatest common factor of 5066929 and 47?
47
What is the greatest common divisor of 226765 and 465?
155
What is the highest common divisor of 789 and 903?
3
Calculate the highest common divisor of 2223 and 186537.
39
What is the greatest common factor of 100 and 60675?
25
What is the greatest common factor of 8058 and 816?
102
Calculate the greatest common divisor of 120074 and 8.
2
What is the highest common factor of 8738 and 2414?
34
Calculate the highest common factor of 122 and 3093859.
61
Calculate the greatest common divisor of 141 and 46577.
47
Calculate the greatest common factor of 184 and 47288.
184
Calculate the greatest common divisor of 198 and 22383.
9
Calculate the highest common factor of 421950 and 522.
174
Calculate the greatest common divisor of 60 and 729165.
15
Calculate the highest common factor of 912 and 52016.
16
Calculate the greatest common divisor of 3835 and 387925.
295
What is the highest common factor of 567 and 656991?
81
Calculate the greatest common divisor of 33312 and 2400.
96
What is the greatest common divisor of 84 and 1819167?
21
Calculate the greatest common divisor of 13340 and 32752.
92
What is the highest common divisor of 2325 and 30675?
75
What is the greatest common divisor of 56 and 734972?
28
What is the highest common factor of 83 and 50132?
83
What is the greatest common divisor of 84734 and 26?
26
What is the greatest common factor of 39077 and 23?
23
Calculate the greatest common divisor of 1708 and 484218.
854
What is the highest common factor of 812 and 7588?
28
Calculate the greatest common divisor of 270 and 26910.
90
What is the highest common factor of 916068 and 11640?
1164
Calculate the highest common divisor of 504 and 2667.
21
What is the highest common factor of 649 and 341?
11
Calculate the highest common divisor of 38 and 469186.
38
What is the highest common factor of 1030 and 273671?
103
What is the highest common divisor of 152 and 18184?
8
What is the greatest common divisor of 117 and 69914?
13
Calculate the greatest common factor of 99 and 65307.
33
Calculate the greatest common factor of 560586 and 390.
78
Calculate the highest common factor of 11233 and 222031.
239
What is the greatest common divisor of 3632 and 3405?
227
Calculate the highest common factor of 2644 and 677525.
661
What is the greatest common divisor of 7582 and 892?
446
What is the highest common factor of 711 and 96301?
79
Calculate the greatest common factor of 355 and 16960.
5
What is the highest common factor of 459 and 852669?
153
What is the highest common divisor of 1749 and 3975?
159
Calculate the greatest common factor of 11136 and 261.
87
Calculate the highest common factor of 142 and 1024.
2
What is the greatest common factor of 909625 and 2375?
2375
What is the greatest common factor of 91775 and 25?
25
What is the greatest common factor of 165727 and 103?
103
Calculate the greatest common divisor of 1449 and 87.
3
Calculate the highest common factor of 8 and 44906.
2
Calculate the highest common factor of 76 and 23199.
19
Calculate the highest common factor of 26301 and 15.
3
Calculate the highest common divisor of 1 and 208136.
1
What is the highest common factor of 16 and 51952?
16
Calculate the greatest common divisor of 3424168 and 4.
4
What is the greatest common divisor of 15521 and 306187?
1411
Calculate the highest common factor of 114 and 49746.
6
Calculate the greatest common factor of 13 and 1229254.
13
Calculate the greatest common divisor of 720 and 20592.
144
What is the highest common divisor of 12933 and 936?
9
What is the greatest common divisor of 2646405 and 135?
135
Calculate the highest common factor of 109 and 27.
1
What is the highest common divisor of 185 and 243460?
185
What is the highest common divisor of 61080 and 7126?
1018
What is the highest common factor of 8058474 and 711?
711
What is the greatest common divisor of 884 and 33813?
221
What is the greatest common factor of 671814 and 3770?
754
Calculate the highest common factor of 40 and 24088.
8
What is the highest common factor of 48 and 20373?
3
Calculate the highest common factor of 474023 and 11.
11
What is the greatest common divisor of 71770 and 20?
10
Calculate the greatest common divisor of 160144 and 624.
16
What is the greatest common factor of 4828 and 612?
68
What is the highest common divisor of 45044 and 12?
4
Calculate the highest common factor of 21998 and 408.
34
What is the highest common factor of 74871 and 354?
177
Calculate the greatest common divisor of 1896960 and 494.
494
What is the greatest common divisor of 9400 and 79336?
376
What is the greatest common factor of 1620 and 5724?
108
Calculate the highest common factor of 973 and 36001.
973
Calculate the greatest common divisor of 1966 and 26.
2
What is the highest common factor of 116 and 2059?
29
What is the greatest common divisor of 198288 and 405?
81
What is the greatest common divisor of 132 and 176924?
44
Calculate the highest common divisor of 888883 and 397.
397
What is the highest common factor of 90 and 73110?
30
What is the greatest common factor of 146455 and 425?
85
Calculate the greatest common factor of 634595 and 260.
65
What is the highest common divisor of 1558 and 14350?
82
What is the highest common divisor of 60933 and 209?
19
What is the highest common factor of 1073940 and 42?
42
Calculate the highest common factor of 96 and 183648.
96
Calculate the greatest common factor of 12 and 188580.
12
What is the highest common factor of 5644 and 2207468?
332
Calculate the greatest common divisor of 5025 and 200.
25
What is the greatest common factor of 16190 and 310?
10
What is the greatest common factor of 152 and 2496?
8
What is the highest common factor of 26869 and 873?
97
Calculate the greatest common divisor of 1080 and 5960.
40
What is the greatest common divisor of 136500 and 273?
273
What is the greatest common divisor of 86202 and 171?
9
What is the greatest common divisor of 4980 and 73704?
996
Calculate the highest common divisor of 2233 and 102341.
29
Calculate the highest common factor of 400 and 10520.
40
What is the greatest common factor of 4199 and 101099?
323
What is the greatest common factor of 16 and 11740?
4
What is the greatest common factor of 55 and 860849?
11
Calculate the greatest common divisor of 26752 and 10208.
352
Calculate the highest common factor of 130647 and 214.
107
What is the greatest common divisor of 484356 and 7964?
724
Calculate the highest common divisor of 125948 and 1196.
92
Calculate the greatest common divisor of 278897 and 1963.
151
What is the highest common factor of 1436567 and 7156?
1789
Calculate the greatest common factor of 349 and 544091.
349
What is the highest common divisor of 99 and 331353?
99
What is the greatest common factor of 204 and 162044?
68
What is the highest common factor of 510320 and 480?
80
What is the greatest common factor of 925 and 3330?
185
Calculate the greatest common divisor of 2134 and 1190.
2
Calculate the highest common factor of 105889 and 2401.
49
What is the highest common factor of 2848 and 5963?
89
Calculate the highest common divisor of 48522 and 726.
6
Calculate the greatest common divisor of 225 and 122805.
45
What is the greatest common divisor of 72 and 662700?
12
What is the greatest common divisor of 370 and 64810?
10
What is the highest common divisor of 2537 and 28025?
59
What is the greatest common divisor of 385216 and 221?
13
Calculate the greatest common factor of 7498 and 874.
46
What is the greatest common factor of 4017 and 260?
13
Calculate the greatest common divisor of 4936 and 132038.
1234
Calculate the highest common divisor of 24856 and 17693.
13
Calculate the greatest common divisor of 94066 and 77.
7
Calculate the greatest common divisor of 25547 and 236.
59
What is the greatest common divisor of 5412 and 1452?
132
What is the highest common factor of 29842 and 2064?
86
What is the highest common divisor of 257 and 1124375?
257
Calculate the greatest common divisor of 328 and 10796.
4
Calculate the highest common factor of 210 and 40230.
30
What is the greatest common divisor of 279590 and 383?